1 prime?
True
Is 15307 a composite number?
False
Is 318077 a composite number?
False
Is 8161 a prime number?
True
Is 48417 a prime number?
False
Is 957071 a prime number?
True
Is 129242 prime?
False
Is 46601 composite?
False
Is 9089 a prime number?
False
Is 2098 a prime number?
False
Is 124171 prime?
True
Is 10757 a prime number?
False
Is 4835 a prime number?
False
Is 78101 a prime number?
True
Is 158549 composite?
True
Is 13227 prime?
False
Is 14853 a composite number?
True
Is 100349 prime?
False
Is 44101 prime?
True
Is 24721 a composite number?
True
Is 8209 a prime number?
True
Is 89861 a composite number?
True
Is 130223 prime?
True
Is 88933 composite?
True
Is 1385871 a composite number?
True
Is 14903 prime?
False
Is 351551 prime?
True
Is 580183 a prime number?
True
Is 53189 a prime number?
True
Is 13227 a composite number?
True
Is 1652347 a composite number?
False
Is 1057 a prime number?
False
Is 7033 composite?
True
Is 23957 composite?
False
Is 392869 a composite number?
True
Is 53813 a prime number?
True
Is 13963 a composite number?
False
Is 92719 a prime number?
False
Is 107599 a prime number?
True
Is 3433 composite?
False
Is 2807239 prime?
True
Is 209635 prime?
False
Is 17707 prime?
True
Is 8615 a prime number?
False
Is 1402 a prime number?
False
Is 1337851 composite?
False
Is 1259 prime?
True
Is 252965 composite?
True
Is 4742345 a prime number?
False
Is 96139 a composite number?
True
Is 48745 a composite number?
True
Is 246049 composite?
False
Is 83383 a composite number?
False
Is 31942 prime?
False
Is 304289 prime?
False
Is 127481 prime?
True
Is 6227 composite?
True
Is 661987 a composite number?
False
Is 963751 composite?
False
Is 228677 a prime number?
True
Is 12077 a composite number?
True
Is 28447 a prime number?
True
Is 667 a prime number?
False
Is 119269 a composite number?
True
Is 68371 a composite number?
False
Is 21919 prime?
False
Is 1417349 a composite number?
False
Is 145627 prime?
False
Is 5581 a composite number?
False
Is 2063279 a prime number?
True
Is 23147 prime?
False
Is 605909 composite?
False
Is 381469 composite?
True
Is 41333 composite?
False
Is 20437 prime?
False
Is 81161 composite?
True
Is 369791 a composite number?
False
Is 4369 a prime number?
False
Is 79669 a prime number?
True
Is 41267 prime?
False
Is 65783 a composite number?
True
Is 22013 composite?
False
Is 182813 a prime number?
True
Is 6197 a composite number?
False
Is 18529 composite?
True
Is 54811 prime?
False
Is 1527269 prime?
False
Is 603203 prime?
True
Is 37151 prime?
False
Is 594023 a composite number?
False
Is 97085 prime?
False
Is 36169 a composite number?
True
Is 2199 prime?
False
Is 250103 prime?
False
Is 3974 a composite number?
True
Is 851 a composite number?
True
Is 177737 a composite number?
True
Is 6961373 composite?
False
Is 57089 a composite number?
False
Is 421459 a composite number?
False
Is 60833 composite?
True
Is 84685 a composite number?
True
Is 2727797 a composite number?
False
Is 17165 prime?
False
Is 162329 prime?
False
Is 36029 a composite number?
True
Is 21089 composite?
False
Is 5366 a composite number?
True
Is 502487 a prime number?
True
Is 1189 a composite number?
True
Is 8213 a composite number?
True
Is 2287 prime?
True
Is 104117 a composite number?
True
Is 398661 prime?
False
Is 16547 a composite number?
False
Is 933545 composite?
True
Is 5189 a prime number?
True
Is 94873 composite?
False
Is 613 composite?
False
Is 1293787 a prime number?
False
Is 30755 a prime number?
False
Is 159977 composite?
False
Is 256019 a composite number?
False
Is 93571 composite?
True
Is 22199 composite?
True
Is 151091 a composite number?
False
Is 46861 prime?
True
Is 44947 prime?
False
Is 2119 a composite number?
True
Is 182549 a prime number?
True
Is 58593 a composite number?
True
Is 466633 composite?
True
Is 1655143 a composite number?
True
Is 2503 composite?
False
Is 39873 composite?
True
Is 159563 composite?
False
Is 308129 a prime number?
True
Is 349259 prime?
False
Is 1687 composite?
True
Is 1136609 composite?
False
Is 28559 composite?
False
Is 12889 prime?
True
Is 147835 a composite number?
True
Is 54001 a prime number?
True
Is 3957 a composite number?
True
Is 3181 a prime number?
True
Is 9811 a composite number?
False
Is 10669 composite?
True
Is 1741 composite?
False
Is 45997 a prime number?
False
Is 38321 a composite number?
False
Is 135829 composite?
False
Is 41717 composite?
True
Is 707935 prime?
False
Is 43087 a prime number?
False
Is 250105 composite?
True
Is 1234231 a prime number?
True
Is 263 prime?
True
Is 21859 composite?
False
Is 29041 prime?
False
Is 71741 composite?
False
Is 90121 prime?
True
Is 25873 a composite number?
False
Is 74197 prime?
True
Is 104407 a prime number?
False
Is 5750423 a composite number?
True
Is 2759 a prime number?
False
Is 23719 composite?
False
Is 177553 prime?
True
Is 24593 a prime number?
True
Is 24457 a prime number?
False
Is 3551 composite?
True
Is 270859 prime?
True
Is 103627 prime?
False
Is 57637 prime?
True
Is 1526045 a composite number?
True
Is 426291 composite?
True
Is 176413 a composite number?
False
Is 107999 composite?
False
Is 759959 composite?
False
Is 1555 prime?
False
Is 1289423 a prime number?
True
Is 598997 composite?
True
Is 878257 composite?
True
Is 18143 a prime number?
True
Is 60715 a prime number?
False
Is 4547 composite?
False
Is 24193 composite?
True
Is 774887 a prime number?
False
Is 178127 a composite number?
False
Is 221707 a composite number?
False
Is 519077 a composite number?
True
Is 42043 a composite number?
False
Is 27179 a composite number?
False
Is 16679 a prime number?
False
Is 170629 a prime number?
False
Is 29653 a prime number?
False
Is 4141 composite?
True
Is 16271 prime?
False
Is 25163 a composite number?
False
Is 129813 a prime number?
False
Is 7151 prime?
True
Is 70481 composite?
False
Is 53189 a prime number?
True
Is 92623 prime?
True
Is 174487 composite?
False
Is 14719 a prime number?
False
Is 17569 composite?
False
Is 199621 prime?
True
Is 10661 prime?
False
Is 846017 composite?
True
Is 282401 composite?
True
Is 20849 composite?
False
Is 130223 composite?
False
Is 9347 prime?
False
Is 2441 a composite number?
False
Is 257339 a prime number?
True
Is 5227 a prime number?
True
Is 66167 a prime number?
False
Is 487757 prime?
True
Is 1261042 composite?
True
Is 176965 composite?
True
Is 506537 prime?
True
Is 245697 a composite number?
True
Is 109097 a composite number?
False
Is 91 composite?
True
Is 40879 a prime number?
True
Is 661831 a prime number?
False
Is 127277 prime?
True
Is 20471 composite?
True
Is 14143 prime?
True
Is 109159 a prime number?
True
Is 8654 a composite number?
True
Is 43315 composite?
True
Is 1219 a composite number?
True
Is 24019 prime?
True
Is 1959 a prime number?
False
Is 3481 a composite number?
True
Is 1376359 a composite number?
False
Is 125277 a composite number?
True
Is 37033 prime?
False
Is 17957 a prime number?
True
Is 37239 a composite number?
True
Is 44413 a prime number?
False
Is 20389 composite?
False
Is 2038661 composite?
False
Is 643119 prime?
False
Is 1914571 prime?
False
Is 229339 prime?
False
Is 80947 prime?
False
Is 809961 prime?
False
Is 4287 a prime number?
False
Is 164253 a composite number?
True
Is 271853 a prime number?
True
Is 50117 a prime number?
False
Is 13645 prime?
False
Is 49639 a composite number?
False
Is 195103 composite?
False
Is 272339 composite?
True
Is 42169 composite?
False
Is 47923 a composite number?
True
Is 249007 composite?
True
Is 487 a composite number?
False
Is 18637 a prime number?
True
Is 206497 a prime number?
False
Is 1327 prime?
True
Is 700949 prime?
True
Is 48171 a composite number?
True
Is 532061 a composite number?
False
Is 91361 prime?
False
Is 519611 prime?
True
Is 12301 a composite number?
False
Is 125187 composite?
True
Is 60493 a prime number?
True
Is 164789 prime?
True
Is 39361 a composite number?
True
Is 253 prime?
False
Is 155191 a prime number?
True
Is 38705 a prime number?
False
Is 18637 a prime number?
True
Is 7319 a prime number?
False
Is 247183 composite?
False
Is 309 a composite number?
True
Is 136411 composite?
True
Is 16503 prime?
False
Is 170615 prime?
False
Is 47869 a composite number?
False
Is 48403 a composite number?
True
Is 32903 a prime number?
False
Is 402